et k(h) = 10*h + 2. Calculate k(-4).
-38
Let v(q) = 12*q**2 - 2*q - 3. Give v(-2).
49
Let x(s) = -2*s**2 + 13*s + 12. Determine x(8).
-12
Let s(n) = -n**2 - 34*n + 44. Calculate s(-35).
9
Let l(p) = p**2 - 2*p - 11. Give l(8).
37
Let n(t) = 16*t - 64. Give n(4).
0
Let t(b) = b**3 - 33*b**2 + 4*b - 143. What is t(33)?
-11
Let u(n) = -6*n**2 + 84*n + 6. Calculate u(14).
6
Let r(k) = -3*k**3 + 10*k**2 - k + 1. Calculate r(3).
7
Let x(y) = -4*y + 37. Determine x(14).
-19
Let c(i) = 2*i**3 + 2*i**2 - 20*i + 1. Determine c(4).
81
Let z(n) = n**3 - 7*n**2 - n + 23. Determine z(7).
16
Let i(x) = -87*x - 348. Determine i(-4).
0
Let j(z) = -28*z + 1. What is j(3)?
-83
Let a(g) = -g**2 - 13*g + 10. Determine a(-12).
22
Let d(o) = o**2 + 6*o + 3. What is d(-6)?
3
Let j(t) = 5*t + 31. Give j(-17).
-54
Let p(b) = -b**3 - 30*b**2 + 32*b + 29. Give p(-31).
-2
Let f(w) = -2*w**2 + 3*w + 1. What is f(-4)?
-43
Let f(a) = 7*a**2 - 20*a + 5. Determine f(6).
137
Let i(b) = b**2 - 7*b - 6. What is i(6)?
-12
Let c(h) = -h**2 - 13*h + 22. Calculate c(-9).
58
Let t(h) = 2*h**3 - 12*h**2 + 17*h - 1. Determine t(3).
-4
Let p(o) = 3*o + 5. What is p(-5)?
-10
Let a(j) = -6*j - 410. Give a(-70).
10
Let q(n) = -2*n**2 - 6*n - 12. Calculate q(-3).
-12
Let d(l) = -2*l**2 - 18*l - 7. What is d(-8)?
9
Let m(h) = -10*h - 36. Determine m(-7).
34
Let i(j) = -2*j**3 - 6*j**2 + 19*j + 5. What is i(-5)?
10
Let x(m) = -m - 1. Determine x(5).
-6
Let l(m) = -3*m**2 - 24*m - 35. Calculate l(-2).
1
Let l(v) = -v**3 - v**2 - 4*v - 5. Determine l(-2).
7
Let h(o) = -18*o**2 - 71*o - 14. Determine h(-4).
-18
Let c(m) = 2*m - 1. What is c(-6)?
-13
Let l(y) = -4*y - 14. What is l(-4)?
2
Let b(c) = c**3 + 4*c**2 - 3*c - 3. Calculate b(-5).
-13
Let b(h) = 4*h - 67. Calculate b(28).
45
Let u(g) = -94*g + 272. Determine u(3).
-10
Let q(b) = b**2 - 6*b + 1. What is q(8)?
17
Let h(b) = -b**3 + 6*b**2 - 9*b + 22. Give h(6).
-32
Let i(z) = -z**3 - 2*z**2 - 2*z - 5. Calculate i(-3).
10
Let g(b) = 7*b - 27. Calculate g(5).
8
Let o(z) = 13*z + 229. What is o(-18)?
-5
Let c(k) = k**3 + 6*k**2 + 7*k - 7. What is c(-5)?
-17
Let m(c) = -c**3 - 6*c**2 - 2*c. Determine m(-6).
12
Let y(v) = -v**3 + 6*v**2 + 7*v + 3. Determine y(7).
3
Let w(s) = -s**3 - 3*s**2 + 93*s - 47. Determine w(8).
-7
Let r(t) = -2*t - 37. What is r(-16)?
-5
Let s(k) = -k + 15. What is s(15)?
0
Let s(t) = 287*t - 2297. What is s(8)?
-1
Let q(t) = 2*t - 67. What is q(0)?
-67
Let p(y) = -4*y - 21. What is p(-6)?
3
Let n(b) = b**3 + 8*b**2 + 9*b + 8. Give n(-7).
-6
Let y(f) = 4*f**2 + 9*f - 1. What is y(-2)?
-3
Let z(g) = g**3 + 3*g**2 - 3*g - 3. Give z(-5).
-38
Let t(d) = 2*d**3 - 2*d**2 + d + 1. Determine t(2).
11
Let k(q) = q**2 - 6*q - 13. Determine k(8).
3
Let v(p) = -2*p**3 + 8*p**2 + 9*p + 8. What is v(5)?
3
Let j(z) = 2*z - 1. Determine j(1).
1
Let h(x) = -2*x**3 - 12*x**2 + x - 3. Give h(-6).
-9
Let h(k) = k + 12. Determine h(-9).
3
Let a(l) = -l**3 + 4*l**2 + 8*l - 1. Determine a(6).
-25
Let v(z) = -z**3 + 8*z**2 - 3*z + 4. Calculate v(8).
-20
Let s(t) = -6*t + 14. Give s(-9).
68
Let m(v) = -v - 19. Give m(-11).
-8
Let z(w) = 6*w + 12. Give z(-5).
-18
Let t(r) = -8*r + 12. Determine t(5).
-28
Let n(w) = -w**2 + 13*w. Calculate n(6).
42
Let u(s) = 59*s - 302. Calculate u(5).
-7
Let j(q) = q**3 + 16*q**2 + q + 11. Give j(-16).
-5
Let w(i) = -i**3 - 7*i**2 - 5*i + 9. Give w(-6).
3
Let w(f) = 2*f**2 - 22*f + 15. Calculate w(0).
15
Let q(k) = 3*k**3 + 3*k**2 + k - 3. Give q(-2).
-17
Let p(j) = 2*j**2 + 22*j + 30. What is p(-9)?
-6
Let o(n) = n**3 + 4*n**2 - n + 16. What is o(-5)?
-4
Let z(t) = 6*t - 2. Give z(-1).
-8
Let b(l) = -10*l + 54. What is b(13)?
-76
Let x(b) = -b**3 + 6*b**2 - 5*b - 5. Give x(5).
-5
Let f(z) = 24*z**2 + 4*z + 8. Give f(-2).
96
Let q(p) = -p**3 - 20*p**2 + 9*p + 185. Determine q(-20).
5
Let a(j) = j**2 + 20*j + 14. Calculate a(-17).
-37
Let z(j) = -12*j - 141. Give z(-12).
3
Let w(o) = o**2 + 2*o + 10. What is w(0)?
10
Let z(t) = t**3 + 6*t**2 - 3*t + 7. Determine z(-6).
25
Let v(c) = 2*c**2 - 14*c - 9. Determine v(6).
-21
Let l(x) = x**3 - 11*x**2 + 12*x - 13. What is l(10)?
7
Let n(s) = s**2 + 10*s - 3. Give n(-10).
-3
Let q(l) = l**3 + 7*l**2 + 4*l - 5. Give q(-6).
7
Let t(x) = -44*x - 356. What is t(-8)?
-4
Let b(q) = q**2 + 3*q + 9. What is b(0)?
9
Let f(q) = 56*q - 3. Give f(-1).
-59
Let z(w) = 2*w + 3. Give z(-3).
-3
Let g(l) = 15*l - 45. Calculate g(3).
0
Let a(d) = -3*d - 26. Calculate a(-6).
-8
Let a(t) = 2*t - 7. Calculate a(4).
1
Let f(n) = -4*n - 47. Determine f(-15).
13
Let s(i) = i + 22. What is s(-14)?
8
Let x(b) = -b**3 - 18*b**2 - 20*b - 56. What is x(-17)?
-5
Let r(x) = x**3 - 6*x**2 + x + 15. Calculate r(5).
-5
Let m(f) = -28*f**3 + f**2 - f. Give m(1).
-28
Let a(s) = -s + 3. Calculate a(2).
1
Let z(r) = r**3 + 2*r**2 - 17*r - 8. What is z(-5)?
2
Let z(r) = r**3 + 8*r**2 - 12*r + 3. What is z(-9)?
30
Let z(h) = -9*h - 285. What is z(-35)?
30
Let z(n) = n**2 - 9*n - 6. Give z(10).
4
Let w(d) = -d**3 - 9*d**2 - 5*d + 4. Calculate w(-8).
-20
Let d(c) = -c**3 - 3*c**2 + 11*c + 9. What is d(-5)?
4
Let v(l) = -l**3 + 4*l**2 + 13*l - 3. What is v(6)?
3
Let r(v) = -2*v**2 - 3*v + 20. Give r(6).
-70
Let k(f) = -44*f**2 + 4*f - 1. Determine k(1).
-41
Let m(l) = -l**3 + 4*l**2 + 3*l - 4. What is m(5)?
-14
Let g(u) = 2*u**3 - 17*u**2 - 8*u - 10. Give g(9).
-1
Let r(d) = d**3 + 4*d**2 - 3*d + 1. What is r(-5)?
-9
Let c(l) = 6*l**2 + 2*l - 2. What is c(1)?
6
Let m(s) = 3*s**2 - 29*s - 46. Calculate m(11).
-2
Let a(f) = f**3 - 27*f**2 + 27*f + 14. Determine a(26).
40
Let j(v) = -v**2 + 33. Determine j(-6).
-3
Let t(b) = 23*b. Determine t(2).
46
Let s(z) = z**2 - 5*z + 1. What is s(4)?
-3
Let k(n) = -n**3 + 10*n**2 - 8*n - 10. Calculate k(9).
-1
Let g(q) = -q**2 + 7*q - 7. Calculate g(4).
5
Let l(z) = z**3 - 6*z**2 + 25*z - 96. Determine l(5).
4
Let x(c) = -3*c**2 + 36*c - 53. Calculate x(10).
7
Let u(c) = -c**2 + 20*c - 86. Determine u(16).
-22
Let s(q) = 5*q**3 + q**2 - q + 1. What is s(2)?
43
Let o(p) = -p**3 + 7*p**2 + 2*p + 9. Determine o(7).
23
Let z(h) = 3*h**2 + 4. Give z(-6).
112
Let b(q) = -q - 28. What is b(-19)?
-9
Let q(f) = -f - 44. Determine q(-48).
4
Let b(w) = -9*w + 4. Give b(2).
-14
Let s(w) = w**2 - 9*w - 24. Determine s(12).
12
Let m(d) = -2*d - 12. Determine m(-11).
10
Let n(w) = 2*w**2 - 36*w + 12. Give n(18).
12
Let k(p) = 95*p**2 + 3*p - 2. Give k(1).
96
Let o(y) = -y**3 + y**2 + 9*y - 8. Determine o(3).
1
Let a(y) = 2*y**2 - 2*y + 2. What is a(2)?
6
Let g(o) = 5*o + 20. What is g(-6)?
-10
Let i(g) = -2*g**2 + g - 4. Calculate i(3).
-19
Let s(w) = 23*w + 7. Calculate s(1).
30
Let o(d) = 3*d**2 - 4. Determine o(-3).
23
Let w(x) = -x - 9. What is w(4)?
-13
Let f(h) = h**3 - 7*h**2 - 30*h + 24. Determine f(10).
24
Let n(o) = 2*o**2 + 3*o - 3. Calculate n(2).
11
Let x(z) = 5*z + 2. Calculate x(1).
7
Let s(j) = -j**2 - 13*j - 32. Calculate s(-11).
-10
Let u(q) = -10*q**2 + q. Determine u(-1).
-11
Let n(y) = y**3 + 5*y**2 - 10*y + 3. Calculate n(-7).
-25
Let a(u) = u**2 - 5*u - 12. Determine a(11).
54
Let f(j) = -j**2 - 10*j. Calculate f(-7).
21
Let o(w) = w**2 - 20*w - 1. What is o(19)?
-20
Let z(t) = t**2 - 41*t + 202. Determine z(6).
-8
Let l(f) = 4*f - 8. Determine l(3).
4
Let f(s) = -s**3 + 5*s**2 - 5*s + 18. Determine f(5).
-7
Let s(h) = -6*h - 39. What is s(-9)?
15
Let u(p) = 4*p**3 - 4*p**2 + 5*p - 2. Give u(2).
24
Let j(a) = 4*a - 155. What is j(41)?
9
Let f(t) = -9*t**2 - 2*t - 2. What is f(-2)?
-34
Let s(z) = 12*z + 67. What is s(-5)?
7
Let v(t) = t + 6. Give v(6).
12
Let u(d) = -d + 6. Determine u(7).
-1
Let m(w) = -3*w - 6. What is m(6)?
-24
Let p(s) = -s**2 - 13*s + 14. What is p(-15)?
-16
Let s(f) = -5*f**2 - 101*f + 93. Determine s(-21).
9
Let h(i) = i - 5. Determine h(7).
2
Let q(z) = 13*z - 192. Give q(18).
42
Let s(l) = -2*l + 12. Determine s(4).
4
Let o(s) = -3*s + 2. Give o(8).
-22
Let a(f) = -f**2 - 4*f + 9. Calculate a(3).
-12
Let g(l) = -l**2 - 12*l - 35. What is g(-7)?
0
Let w(z) = 2*z - 1. What is w(-2)?
-5
Let r(g) = -g**3 + 5*g**2 + 3*g - 5. Give r(5).
10
Let q(r) = 47*r - 431. Calculate q(9).
-8
Let o(l) = l**3 - 19*l**2 + 31*l - 235. Calculate o(18).
-1
Let l(s) = -9*s - 37. Give l(-30).
233
Let g(q) = q**3 - 3*q**2 - q + 9. Give g(3).
6
Let h(c) = 12*c + 9